rivative of 8*y**5/15 + y**4/24 - 66*y**2. Calculate the remainder when z(1) is divided by 32.
1
Let x be (0 + 0)*6/(-18) - -2. Calculate the remainder when 53 is divided by ((-88)/99*3)/(x/(-21)).
25
Let d = -4350 - -5321. Calculate the remainder when d is divided by 193.
6
Let c = 32 - 27. Suppose -3*u + 4*s + 20 = u, 0 = -5*u - c*s - 25. Calculate the remainder when 99 is divided by (u - 1)/(2*3/(-102)).
14
Let g be (-1 - (-2 + 0))*(4 - -139). Let c = g - 131. What is the remainder when 23 is divided by c?
11
Suppose 74*o - 51*o - 276 = 0. Let l(f) = 2*f**3 - 23*f**2 - 12*f + 14. What is the remainder when 279 is divided by l(o)?
13
Let x be 3 - (2 + 1/(-1)). Suppose 0 = 4*o + 5*j - 1109, -2*j + 361 + 195 = x*o. Suppose 199 = 5*t - o. What is the remainder when t is divided by 14?
12
What is the remainder when 90 - -28*6/12 is divided by 104?
0
Let j be 1/(12/9*6/8). Suppose 2*h = -j - 11. Let f(l) = 2*l**2 - 13. What is the remainder when f(h) is divided by 22?
15
Suppose -6*t - 1221 = -9*t + 3*a, -t - a + 415 = 0. Let q = t + -401. What is the remainder when 165 is divided by q?
5
Let q = -2355 + 2674. Calculate the remainder when q is divided by 202.
117
Calculate the remainder when (-33031)/(-51) + 80/(-30) is divided by 631.
14
Let k = 125 + -139. Let a(m) = m**3 + 15*m**2 + 9*m - 58. Calculate the remainder when 17 is divided by a(k).
5
Let m(y) be the first derivative of y**4/2 + 13*y**3 + 15*y**2/2 + 24*y - 532. Let k be (-1 - -2)/((-1)/19). Calculate the remainder when m(k) is divided by 34.
32
Suppose 12*c + 2530 + 1802 = 0. Let t = c - -384. Suppose u + 16 - 77 = 0. Calculate the remainder when u is divided by t.
15
Suppose 5*g = 10*p - 475, -2*g - 238 = -5*p - 0*g. Calculate the remainder when 231 is divided by p.
39
Suppose -92*q = 48*q - 264492 - 85368. What is the remainder when q is divided by 25?
24
Let i(z) = -74*z + 2439. What is the remainder when i(-8) is divided by 138?
133
What is the remainder when 27665 is divided by 1162/(-8715) + 1592/15?
105
Suppose 0 = 3*d - 4*k - 40 - 32, 82 = 2*d + 3*k. Calculate the remainder when d is divided by 3.
2
Suppose 0 = -3*r + 5*l + 236 - 154, -5*l - 110 = -5*r. What is the remainder when 1 + 485 - (0 + -1) is divided by r?
11
What is the remainder when (-944)/31624 + 41676/67 is divided by 162?
136
Let w(z) = 6*z + 33. Let p be w(-5). Suppose 15*g = -p*g + 162. Calculate the remainder when 43 is divided by g.
7
Suppose 15 - 523 = -4*g. Let o = 135 - g. Calculate the remainder when 13 is divided by 516/96 + (-3)/o.
3
Let w(r) = -r**3 + 11*r**2 - 24*r + 13. What is the remainder when 114 is divided by w(8)?
10
What is the remainder when 28 is divided by ((-99 + -9)/(-12))/3?
1
Let y be (10 - 8)*3/(-2). Calculate the remainder when ((-15)/(180/(-1688)))/((-1)/y) is divided by 25.
22
Suppose 8*d + 26*d = d. Suppose 3*t - 4*c + 45 - 336 = d, -3*t - 4*c + 267 = 0. Calculate the remainder when t is divided by 11.
5
Suppose 2*v - 6862 = -3*l, 0 = 3*v + 5*l - 7201 - 3095. Calculate the remainder when v is divided by 1137.
11
What is the remainder when (573/30 - 19)*75/2*148 is divided by 140?
135
Let q = 126 + -140. Let a be 4/q - 615/(-21). Suppose a*o - 12 = 28*o. What is the remainder when 44 is divided by o?
8
Suppose 8274 = 3537*u - 3523*u. What is the remainder when u is divided by 287?
17
Let g(l) = -137*l + 113. Let j be g(-3). Let a = -434 + j. What is the remainder when a is divided by 54?
36
Suppose -5*m - 9*x + 114 = -2*m, 2*m = x + 69. What is the remainder when 188 is divided by m?
13
Suppose 0 = -5*r + r + 76. Suppose -294 + 64 = -141*m + 26*m. What is the remainder when r is divided by m?
1
Calculate the remainder when 3106 is divided by 210 + -10*144/(-120).
220
What is the remainder when 473 is divided by (343/28)/((-4)/(-32))?
81
Let k be (3 + 86)/((-29)/10 + 3). Suppose 3*t - 4*l + 13 = 867, 5*l - k = -3*t. Let i = -201 + t. What is the remainder when i is divided by 13?
11
Calculate the remainder when 178 is divided by ((-4)/(-16))/(22/2288).
22
Let v(y) = 2*y**3 - 26*y**2 - 23*y - 29. Let c be (9/(-27)*-3)/((-1)/(-14)). What is the remainder when v(c) is divided by (36/10)/((-3)/(-20))?
17
Let g(q) = -q - 1. Let u be g(-4). Suppose -6*s + 102 = -u*s. What is the remainder when s is divided by (((-84)/20 - -5) + 0)/((-2)/(-10))?
2
Let o(b) = -568*b - 2102. Calculate the remainder when 341 is divided by o(-4).
1
Let r(w) = w**3 + 52*w**2 - 99*w - 1271. Calculate the remainder when r(-53) is divided by 169.
153
Suppose -44*n - 4041 = -6*n - 4649. Calculate the remainder when 283 is divided by n.
11
Let t = -4443 + 3067. Calculate the remainder when (-10 + t/40)/(3/(-20)) is divided by 11.
10
Let u = 22218 + -21719. Calculate the remainder when u is divided by 27.
13
Suppose -2*o + 2430 = -3*l - 1444, o = l + 1937. What is the remainder when o is divided by 10?
7
Suppose 9100 = -29628*w + 29693*w. What is the remainder when w is divided by 59?
22
Let i = 69 - 16. Suppose 4*a = -k - 65, 2*k + 0 = -a - 18. Let s = -5 - a. Calculate the remainder when i is divided by s.
9
Let u = -80 + 72. Let a be u/((-3)/(-18)*(-1 - 2)). Let m = a - 3. Calculate the remainder when 88 is divided by m.
10
Suppose 0 = 206*y + 525*y - 48464 + 949. Let s(i) = -2*i + i**2 + 0*i**2 + 3 + 4*i. Calculate the remainder when y is divided by s(-3).
5
Suppose -26*n - 40*n + 913728 = 30*n. Calculate the remainder when n is divided by 80.
78
Let y(r) = -2*r + 43. Let x(t) = -5*t**2 - 23*t + 4. Let c be x(-4). What is the remainder when 18 is divided by y(c)?
7
Suppose 6562 = 601*f - 3588 + 534. What is the remainder when 750 is divided by f?
14
Suppose -2*x = 31*x - 5544. Let q = x + -130. Calculate the remainder when q is divided by 13.
12
Let o = 1492 + -1020. Calculate the remainder when o is divided by 1/(4 + 300/(-76)).
16
Let r(k) = 100 + 194 + 118 - 172 + 8*k. Calculate the remainder when 284 is divided by r(-24).
44
Suppose -28*s - 7*s + 2961 = -644. Let f(b) = -b**3 + 8*b**2 - 2*b - 2. What is the remainder when s is divided by f(4)?
49
Calculate the remainder when 183 is divided by 8/(-6)*(-12180)/560.
9
Suppose 0 = 119*m - 141*m + 23760. Suppose 197*j - 203*j + m = 0. What is the remainder when j is divided by 23?
19
Suppose -3*b + 2 = i - 2*i, 0 = 4*i - b - 36. Calculate the remainder when ((-680)/(-6))/i*6 is divided by 1*12*3/2.
14
Let r = 469 - 521. What is the remainder when 37 is divided by 1*11 + r/(-52)?
1
Let h be (10 - 1) + 3 + -3 - -3. Suppose -h*c - 4*c = -512. What is the remainder when 863 is divided by c?
31
Suppose 200 - 185 = 3*k. Suppose 0 = k*l + 33 - 63. What is the remainder when (-6)/(6/16*-1) is divided by l?
4
Suppose -45 = 5*q - 4*q - 16*q. Calculate the remainder when 212 is divided by q.
2
Suppose 19*y - 21*y = 3*f + 3, 3*y + 4*f = -4. Suppose 0 = 28*w - y*w - 616. What is the remainder when 126 is divided by w?
16
Let j = -2517 - -2529. What is the remainder when 46 is divided by j?
10
Let f = -35 + 84. Let p = -7 - 41. Let l = p + f. What is the remainder when 3 is divided by l?
0
Let q = -28 + 58. Suppose -15*j + 41 = -1054. Calculate the remainder when j is divided by q.
13
Let d be 6*1*(-2)/(-3). Let r be 3*6*(-121)/(-22). What is the remainder when -1 + r/12*d is divided by 7?
4
Let c = -67 - -117. Let j = -20 + c. Let t = j - 14. Calculate the remainder when 61 is divided by t.
13
Suppose 17*q - 594 = -3*q + 9*q. Calculate the remainder when q is divided by 2.
0
Suppose 0 = 2*c - 9*c - 21*c + 12208. What is the remainder when c is divided by 30?
16
Let a(x) = -96*x - 263. Calculate the remainder when 952 is divided by a(-6).
13
Let c(b) = b**2 + 9*b + 11. Let p be c(-8). Suppose -p*u = -5*x - 57, 2*u - 3*x + 19 = 3*u. What is the remainder when (-49 + 12)*(2 - 4) is divided by u?
17
Let z = 277 - 168. Calculate the remainder when z is divided by (33/5 + -5)*20.
13
Suppose -1515 = -17*c + 12*c + 5*k, 2*c + k = 597. Suppose 276 = 4*g - 23*s + 28*s, -s - c = -4*g. What is the remainder when g is divided by 40?
34
Suppose 4*q - 4378 - 6757 = 973. Calculate the remainder when q is divided by 138.
129
Let v = -264 - -336. Let k = 84 - v. What is the remainder when 95 is divided by k?
11
Suppose -3*l + 6 = -3. Let z be (6/(-30)*-19 + -3)*5. Suppose -5*r = 5*u - 4